400. Give q(-9).
5
Let v(f) = f**3 + 27*f**2 + 44*f - 38. Calculate v(-25).
112
Let r(c) = -c**3 + 6*c**2 + 41*c - 114. Calculate r(5).
116
Let f(y) = -5*y**2 + 194*y + 5181. What is f(57)?
-6
Let x(w) = w**2 - 764*w + 48583. Give x(70).
3
Let a(o) = -o**2 - 8*o + 4. Calculate a(3).
-29
Let j(v) = v**2 + 12*v - 68. Calculate j(-14).
-40
Let b(n) = 13*n + 464. Give b(-34).
22
Let g(l) = 142*l + 2685. Calculate g(-20).
-155
Let z(j) = 22*j**2 + 151*j - 21. Give z(-7).
0
Let o(m) = 3*m**3 + 32*m**2 - 30*m + 217. Calculate o(-12).
1
Let d(a) = a**2 - 31*a + 219. Give d(20).
-1
Let v(x) = 2*x**3 - 3*x**2 + 20*x - 85. Calculate v(4).
75
Let z(v) = -v**3 - 6*v**2 + 14*v + 77. Calculate z(-3).
8
Let k(t) = t**3 + 27*t**2 - 122*t + 66. What is k(-31)?
4
Let x(a) = -10*a**2 + 199*a + 1030. Give x(-5).
-215
Let n(i) = -i**2 + 34*i - 69. Give n(29).
76
Let w(r) = -9*r + 31. Give w(8).
-41
Let y(v) = 230*v - 448. What is y(7)?
1162
Let p(r) = 2*r**3 - 3*r**2 - 2*r + 37. What is p(-5)?
-278
Let i(m) = -m**2 - 28*m + 306. What is i(8)?
18
Let t(j) = -2*j**3 - 110*j**2 + 98*j - 408. Give t(-56).
376
Let v(q) = -95*q + 919. Calculate v(9).
64
Let h(b) = b + 69. Give h(6).
75
Let b(k) = 576*k + 3007. Determine b(-5).
127
Let q(g) = 228*g + 4781. Determine q(-21).
-7
Let v(s) = s**3 - 145*s**2 + 308*s - 3181. Calculate v(143).
-35
Let b(h) = -4*h**3 - 15*h**2 + 132*h + 519. Calculate b(-4).
7
Let b(x) = -16*x + 2. What is b(-5)?
82
Let k(r) = 99*r + 292. Determine k(3).
589
Let w(m) = -498*m - 500. What is w(-1)?
-2
Let l(j) = -2*j**3 + 85*j**2 - 881*j - 237. Give l(19).
-9
Let c(k) = 185*k**3 + 4*k**2 - 5*k + 5. What is c(1)?
189
Let p(r) = -2*r**3 - 3*r**2 - 83*r - 81. Give p(-1).
1
Let h(b) = 58*b - 1541. Give h(26).
-33
Let m(z) = z**3 - 2*z**2 - 41*z + 90. Determine m(5).
-40
Let p(x) = 24381*x + 24365. What is p(-1)?
-16
Let l(q) = -q**2 + 72*q - 887. Give l(13).
-120
Let v(q) = -756*q - 3022. Calculate v(-4).
2
Let t(v) = -81*v**3 + v**2 + 17*v + 16. Calculate t(-1).
81
Let w(k) = -4*k**2 - 3*k + 27. Give w(-9).
-270
Let i(l) = l**2 + 6*l + 476. What is i(0)?
476
Let d(m) = 2*m**3 + 10*m**2 + 47*m + 159. Determine d(-4).
3
Let j(q) = 4*q**2 - 10*q - 71. Give j(-4).
33
Let a(l) = -588*l + 9409. What is a(16)?
1
Let m(l) = -l**3 - 8*l**2 + 125*l + 661. Give m(-5).
-39
Let w(c) = -31*c**2 + 37*c - 15. What is w(1)?
-9
Let q(z) = z**3 - 35*z**2 + 64*z + 43. What is q(33)?
-23
Let w(h) = 2*h**3 + 150*h**2 + 145*h - 190. Give w(-74).
32
Let j(i) = -2*i**2 + 613*i + 8. Calculate j(0).
8
Let m(t) = -52*t + 368. Determine m(8).
-48
Let g(m) = -1224*m - 22029. Calculate g(-18).
3
Let l(a) = -a**2 + 21*a + 1193. Calculate l(43).
247
Let s(l) = -2*l**2 + 131*l - 764. Calculate s(7).
55
Let a(w) = 9*w**2 - 241*w + 1439. Determine a(9).
-1
Let n(y) = -16*y - 937. What is n(-65)?
103
Let a(g) = -g**2 + 48*g - 84. What is a(46)?
8
Let q(z) = z**3 + 71*z**2 + 5*z + 326. Determine q(-71).
-29
Let f(u) = 125*u - 2236. Determine f(20).
264
Let w(m) = -m**3 + m**2 - 84*m - 174. Give w(-2).
6
Let d(g) = -g**3 - 31*g**2 - 19*g + 45. Calculate d(-31).
634
Let p(j) = -553*j + 580. Give p(1).
27
Let u(z) = -54*z - 341. Give u(-8).
91
Let f(v) = 110*v - 2431. Calculate f(21).
-121
Let h(n) = n**3 - 35*n**2 + 69*n + 21. Determine h(33).
120
Let b(r) = -43*r - 497. Calculate b(-11).
-24
Let p(z) = -18*z**2 - 398*z - 45. Calculate p(-22).
-1
Let c(f) = -801*f + 2418. Give c(3).
15
Let p(m) = -10*m**2 + 280*m - 857. Calculate p(3).
-107
Let g(t) = t**3 - 19*t**2 + 97*t - 53. Calculate g(10).
17
Let t(a) = -3*a**2 - 1277*a - 3837. What is t(-3)?
-33
Let h(t) = -t**2 + 14*t - 88. Calculate h(9).
-43
Let v(d) = -10*d**3 + 3*d**2 - 3*d - 2. Determine v(2).
-76
Let l(h) = -h**3 - 11*h**2 - 9*h - 11. What is l(-5)?
-116
Let w(a) = a**3 - 38*a**2 + 37*a - 14. Give w(37).
-14
Let k(n) = -n**3 - 4*n**2 + 53*n - 59. Give k(5).
-19
Let g(o) = 18*o + 410. Determine g(-6).
302
Let a(c) = c**3 - 7*c**2 + 2*c + 7. Give a(6).
-17
Let k(u) = -u**2 + 171*u + 1066. What is k(-6)?
4
Let k(c) = -37*c - 1256. Determine k(-34).
2
Let s(f) = -f**3 + 10*f**2 - 32*f + 78. What is s(6)?
30
Let f(p) = 8*p**2 + 2*p + 45. Give f(-4).
165
Let u(c) = 2*c**3 - 17*c**2 - 14*c. What is u(-2)?
-56
Let f(k) = 14*k**3 - 379*k**2 + 22*k + 141. Give f(27).
6
Let s(v) = -v**3 - 114*v**2 + 344*v - 805. Calculate s(-117).
14
Let y(q) = -31*q - 557. What is y(-10)?
-247
Let r(b) = 4*b**3 + 89*b**2 + 24*b + 43. Determine r(-22).
-1
Let b(j) = -6*j**3 + 70*j**2 - 100*j - 7. Give b(10).
-7
Let m(k) = 3*k**2 + 163*k - 165. Calculate m(1).
1
Let j(c) = 69*c - 5440. What is j(79)?
11
Let q(g) = g**2 - 22*g - 6. What is q(18)?
-78
Let q(h) = h**3 + 15*h**2 - 98*h + 84. Determine q(4).
-4
Let m(u) = u**2 + 30*u + 38. Determine m(-5).
-87
Let n(x) = x**2 + 22*x - 57. Determine n(-24).
-9
Let a(n) = n**3 - 18*n**2 + 2*n - 116. Give a(18).
-80
Let k(h) = h**2 - 20*h - 95. Give k(24).
1
Let h(m) = 17*m**2 + 280*m + 281. Give h(-1).
18
Let c(d) = 8*d**3 - 863*d**2 - 108*d - 38. Calculate c(108).
-38
Let t(o) = -14*o**3 - 743*o**2 - 57*o - 207. What is t(-53)?
5
Let r(n) = -74*n + 2797. What is r(38)?
-15
Let l(t) = -11*t**3 + t**2 - 5*t + 5. Calculate l(2).
-89
Let v(h) = 154*h - 66. Give v(2).
242
Let q(r) = -3*r**3 + 14*r**2 + r + 14. What is q(5)?
-6
Let t(l) = -3067*l + 12264. Calculate t(4).
-4
Let j(u) = 9*u**2 + 53*u - 58. Determine j(-7).
12
Let m(r) = -r**2 + 30*r + 1618. What is m(-28)?
-6
Let k(d) = 7*d**2 + 9*d - 52. Determine k(-7).
228
Let o(v) = -152*v + 4831. Determine o(33).
-185
Let v(p) = -6*p**2 + 7*p - 7. Calculate v(5).
-122
Let n(j) = j**3 - 8*j**2 + 13*j - 156. What is n(7)?
-114
Let p(t) = -61*t + 325. What is p(6)?
-41
Let x(j) = -j**3 - 8*j**2 + 33*j + 74. Give x(-8).
-190
Let q(u) = -4*u**2 + 53*u + 23. Give q(14).
-19
Let s(g) = -16*g**2 - 8*g + 82. Calculate s(2).
2
Let n(a) = 674*a - 2026. Calculate n(3).
-4
Let b(m) = 156*m**2 + 5*m - 9. Give b(1).
152
Let q(j) = -j**3 + j**2 + 3*j + 4. Determine q(-1).
3
Let c(u) = 2*u**3 - 62*u**2 - 31*u - 81. What is c(31)?
-1042
Let p(u) = -u**2 - 35*u - 275. Give p(-12).
1
Let b(y) = 81*y + 417. Determine b(-7).
-150
Let u(q) = -162*q + 1458. Calculate u(9).
0
Let n(o) = o**3 + 30*o**2 - 102*o - 89. Give n(-33).
10
Let c(s) = 91*s + 572. What is c(-7)?
-65
Let n(g) = -2*g**3 - 60*g**2 + 60*g - 66. Calculate n(-31).
-4
Let g(q) = -26*q**3 - 4*q**2 - 5*q - 6. What is g(-2)?
196
Let c(b) = 34*b**2 - 4286*b + 245. Calculate c(126).
-7
Let y(k) = 3*k**2 + 50*k + 121. Determine y(-13).
-22
Let i(y) = y**3 + 4*y**2 + 209*y + 962. Determine i(-5).
-108
Let v(p) = -p**2 - 23*p + 70. Calculate v(-25).
20
Let u(p) = -32*p + 158. Calculate u(5).
-2
Let x(a) = 24*a + 12. Determine x(3).
84
Let b(c) = -c**3 - 7*c**2 - 27*c - 286. Determine b(-8).
-6
Let j(b) = -b**3 - 69*b**2 - 35*b + 2247. What is j(-68)?
3
Let m(t) = 10*t**2 - 31*t - 196. Determine m(-5).
209
Let b(s) = 12*s - 674. Determine b(57).
10
Let i(n) = n**3 + 20*n**2 - 107*n + 454. Give i(-25).
4
Let s(k) = -23*k**2 + 336*k + 144. What is s(15)?
9
Let r(z) = z**3 + 102*z**2 - 307*z - 18. What is r(3)?
6
Let n(p) = 60*p + 476. Calculate n(-8).
-4
Let u(x) = 179*x + 4592. Determine u(-25).
117
Let i(c) = 2*c**2 + 14*c - 65. Determine i(-9).
-29
Let f(h) = -9*h**2 + 16*h + 3. Give f(0).
3
Let c(t) = 44*t + 338. Give c(-8).
-14
Let q(w) = -22*w - 489. What is q(-25)?
61
Let g(f) = f**2 + 44*f + 275. What is g(-37)?
16
Let o(s) = 43*s**3 + 299*s**2 - 9*s + 35. Give o(-7).
0
Let g(a) = -274*a - 9669. Give g(-35).
-79
Let g(d) = 2*d**3 - 17*d**2 - 57*d + 65. Determine g(11).
43
Let z(f) = -f**3 - 5*f**2 + 138*f + 794. Determine z(-6).
2
Let a(u) = -3*u**3 - 14*u**2 + 14*u + 60. Calculate a(-6).
120
Let d(j) = -j**3 + 13*j**2 + 73*j - 76. Determine d(17).
9
Let w(a) = -11*a - 436. Calculate w(-5).
-381
Let p(o) = 2*o**2 + 49*o + 172. Determine p(-16).
-100
Let n(o) = 3*o**2 + 342*o + 1939. Determine n(-108).
-5
Let b(d) = d**3 + 30*d**2 + 55*d + 20. Give b(-28).
48
Let u(p) = 3*p**3 + 148*p**2 - 124*p - 1177. Give u(-50).
23
Let y(t) = -t**3 + 4*t**2 + 5*t + 9. Determine y(-4).
117
Let s(b) = 2*b**3 - 51*b**2 - 5*b - 99. Calculate s(26).
447
Let j(q) = -q**3 + 62*q**2 - 61*q + 26. Calculate j(61).
26
Let q(w) = w**2 - 24*w - 2